 = 16*z**2 - 4. What are the prime factors of i(a)?
2, 3, 7
Let c be (40/16)/(1/2). Suppose -i - 280 = -c*i. Let d = i - 16. List the prime factors of d.
2, 3
Let z be 1*5/15 + 110/3. Let b = 280 + z. List the prime factors of b.
317
Suppose -2*r + 4 = 0, -14609 + 113245 = 6*f - 5*r. List the prime factors of f.
41, 401
Suppose 0 = 2*m - 3*f + 207, 2*m - 4 = -f - 223. Suppose 5*j - 25 - 37 = -x, 3*x + 3*j = 138. What are the prime factors of m/(-14)*x/9?
2, 3
Let t(g) = 6*g + 18. Let d(o) = 5*o**2 + 4*o - 3. Let m be d(3). Let c = m - 48. What are the prime factors of t(c)?
2, 3
Let i(n) = 12*n**2 + 38*n + 5. Let o(q) = -12*q**2 - 37*q - 3. Let w(d) = 5*i(d) + 4*o(d). What are the prime factors of w(-6)?
193
Suppose 3*a = 3, -3*p - 2*a + 112 + 16 = 0. What are the prime factors of 43842/p - (-15)/105?
2, 3, 29
Suppose -5*f - 2*j + 82 = 0, f + 0*f - 5*j = 38. Suppose -17*y = -f*y + 451. List the prime factors of y.
11, 41
Let n = 19518 + -10801. What are the prime factors of n?
23, 379
Let a(k) = k**3 + 8*k**2 + 9*k - 1. Let d be a(-7). Let i be 2/(-1)*(0 + d/6). What are the prime factors of i*((-4)/10 + 1)?
3
Let n = -31796 + 47719. List the prime factors of n.
15923
Suppose 7*u = 20 + 1. Suppose -2*c - u*q + 217 = 0, c - 2*q - 111 = -q. Let v = c - 90. What are the prime factors of v?
2, 5
Let f(m) = -185*m - 31. Let i be f(-8). Suppose 6*j - i = 333. List the prime factors of j.
3, 11
Let m(i) = -i**2 - 16*i - 63. Let x be m(-11). Let w(c) = -2*c**3 - 7*c**2 + 20*c - 12. What are the prime factors of w(x)?
2, 101
Suppose 10 = -5*f, 4 = 5*o + f + 2*f. Suppose -5*s + 395 = o*c, 5*c - 979 = s - 5*s. Suppose 52*t - c = 49*t. What are the prime factors of t?
5, 13
Suppose -z + 29 = 13. Suppose -4*j + z = 5*k - 194, 167 = 3*j - k. Suppose 95 - j = 2*t. What are the prime factors of t?
2, 5
Let c(r) = r**2 + 19*r + 59. Let w be c(-3). Suppose w*z - 4221 = 4*z. List the prime factors of z.
3, 67
Let x(w) = -2*w**3 + 12*w**2 - 14*w + 16. Let g be x(4). What are the prime factors of (-1)/(9886/12370 - g/30)?
1237
Suppose -3*r = -c - 7, r - 3 = -4*c + 21. Suppose -c*s + 2*s + 105 = 0. What are the prime factors of 1596/s*(-5)/(-2)?
2, 3, 19
Suppose r - 182302 = -3*k + 5*r, -121509 = -2*k - r. What are the prime factors of k?
2, 17, 1787
Let v(b) = -b**3 + 24*b**2 + 21*b + 105. Let y be v(25). Suppose 0*l - 3*l + 3476 = 4*z, -y*l = 2*z - 1752. List the prime factors of z.
2, 433
Suppose 8*r - 10*r - 544 = 0. Let i = r + 645. List the prime factors of i.
373
Let y be 60/60 - ((1 - 3) + -1). Suppose 6*p = 2*p - 2*f + 144, -y*f = -4*p + 132. List the prime factors of p.
5, 7
Let x(j) = -4*j**2 - 9*j - 38. Let n be x(13). Let c = n - -1268. List the prime factors of c.
19, 23
Let m = -42 - -49. Suppose -4*f + 4*z + 16 = 0, z + 13 = 5*f - m. Suppose -f*x + 218 + 46 = 0. What are the prime factors of x?
2, 3, 11
Let j(s) = -5*s**3 - 5*s**2 + 6*s + 34. Suppose 3*q + 18 = 2*f, -5 + 17 = -2*q + 2*f. What are the prime factors of j(q)?
2, 449
Let w(a) = 47*a - 31. Let x(l) = 140*l - 92. Let j(o) = -17*w(o) + 6*x(o). List the prime factors of j(7).
2, 131
Let n be (3 + (-437)/(-2))/((-1)/(-2)). Suppose 49 = -h + n. Let o = h + -191. What are the prime factors of o?
7, 29
Let u(p) = 144*p + 12944. List the prime factors of u(0).
2, 809
Suppose -60 = -4*p + 128. Let w = -5809 + 5765. Let n = p + w. What are the prime factors of n?
3
Let q = -131 + 119. Let z be (4 - -3)/(-42) + (-62)/q. Suppose 440 = z*f - 495. List the prime factors of f.
11, 17
Suppose -1994*t = -2004*t + 14020. What are the prime factors of t?
2, 701
Let m(v) = -5*v + 9. Let f be m(-6). Let n = -41 + f. List the prime factors of (n/10)/(13/(-4355)).
67
Let a = 19 + -12. Suppose -203 - 63 = -a*v. Suppose -o - v = -2*o. List the prime factors of o.
2, 19
List the prime factors of 3/2*(6930459/225 + 1/(-25)).
3, 15401
Suppose -9*l = -4*k - 7*l + 90, 0 = 3*k + 2*l - 85. Let s(i) = i + 3. Let y be s(-5). List the prime factors of (-4 - -3) + y*(2 - k).
3, 5
Suppose 6*m = -29 + 107. Suppose -607 = -z - 4*w, w - 607 = -14*z + m*z. List the prime factors of z.
607
Let y(o) = o**2 - 23. Let v be (((-6)/2)/(3/(-5)))/1. Suppose v*k = -2*n - 50, -k - 4*n = -0*k - 8. List the prime factors of y(k).
11
List the prime factors of (0/(-2) - -10)*(9 - 7163/(-95)).
2, 211
Let y(k) = -188*k + 78. List the prime factors of y(-33).
2, 3, 349
Let j(u) = 2*u**3 + 9*u**2 - 2*u + 6. Let z be j(-5). Let g = -14 - z. Let h(y) = y**2 - 7*y - 2. List the prime factors of h(g).
2, 29
Let o be 3*1/(-5) - 6084/(-65). Let x = o + 161. List the prime factors of x.
2, 127
Suppose -r = b - 14, 3*b - 7*b = 5*r - 55. Suppose 6*x - 33 + b = 0. Suppose 0*j - 3*j = -f - 231, -x*j + 219 = 3*f. List the prime factors of j.
2, 19
Suppose 2*a = -5*b + 42, 2*a - 26 = -b + 8. Let h be (-1678)/8 - (-12)/a. Let g = h - -344. What are the prime factors of g?
3, 5
Suppose 108 - 348 = -20*z. Let x(q) = -q**3 + 14*q**2 + 3*q + 41. What are the prime factors of x(z)?
5, 73
Suppose 4*y + 3*a = 30999, 44*a - 40*a - 15512 = -2*y. Suppose -y = -10*c + 3814. What are the prime factors of c?
2, 17
Suppose 24 = -62*l + 70*l. Suppose 4*i - o = 4522, -l*i + 2*o = -850 - 2539. List the prime factors of i.
3, 13, 29
Let s(u) = -214*u + 17. Suppose -8*p = 5*p + 39. List the prime factors of s(p).
659
Suppose -36*n + 529878 + 211974 = 0. What are the prime factors of n?
3, 6869
Let k(n) = -940*n - 277. List the prime factors of k(-39).
36383
Let o = -76 - -94. Suppose -o = -2*w - 6. Suppose -14*h + 568 = -w*h. List the prime factors of h.
71
Suppose 0 = -2*k - 5*j + 24181, -43*k + 40*k - 5*j = -36279. List the prime factors of k.
2, 23, 263
Suppose -3*s - 19*u = -16*u - 100533, u = -2*s + 67029. What are the prime factors of s?
2, 16759
Let z = 4938 + 20356. List the prime factors of z.
2, 12647
Suppose 147537 = 18*b + 101303 - 235844. What are the prime factors of b?
15671
Suppose -95 + 11 = 14*c. Let o be 4/c*1104/(-32). Let y = o - -94. What are the prime factors of y?
3, 13
Let m be ((-4)/2)/((-9)/(-306)). What are the prime factors of 72 + m - (-1 + -719)?
2, 181
Let c(a) = -215*a + 19. Let l be c(-6). Suppose -3*x + l = 49. What are the prime factors of x?
2, 3, 5, 7
Suppose 2*u + u = 4*r - 4, 0 = 4*u. Suppose -3*q + 94 = -l, 0 = -5*q - 2*l + 66 + 87. What are the prime factors of (2/2)/(r/q)?
31
Suppose 3*o - 2*i = 3364 + 4853, -3*i - 5473 = -2*o. What are the prime factors of o?
2741
Let m(h) be the first derivative of 11*h**3/3 + h**2/2 - 26*h - 13. What are the prime factors of m(-6)?
2, 7, 13
Suppose 19*y - 4*r - 36 = 15*y, 0 = -y + 4*r + 24. What are the prime factors of y/(-3) + 143710/210?
683
Let w(i) = -2258*i - 3715. What are the prime factors of w(-12)?
103, 227
Suppose -35094 = -g + 121*g - 189654. What are the prime factors of g?
2, 7, 23
Let n be ((-12)/(-3) + 52)*1. Let i = n - 90. Let o = 4 - i. What are the prime factors of o?
2, 19
Let h be (-4 - (-280)/15)*15/(-1). What are the prime factors of (-765)/(-102)*h/(-3)?
2, 5, 11
Suppose -47*d - 56*d = -83*d - 328940. List the prime factors of d.
16447
What are the prime factors of ((-136392)/5 + 14)/(6/(-15))?
68161
Let j be (-1)/(63/(-28)) - (-8)/(-18). Suppose -m + 311 + 293 = j. What are the prime factors of m?
2, 151
Let j(m) = 8 - m**2 - 1 + 3*m**3 - 6*m + 0*m**2. Let v(c) = 2*c + 67. Let b be v(-32). List the prime factors of j(b).
61
Let y(r) = 207*r - 166. Let h be y(15). Suppose 8*v - 4021 = h. What are the prime factors of v?
2, 3, 5, 29
Let h = 643 - 438. Let f = 1112 - h. What are the prime factors of f?
907
Let v(s) = -792*s + 242. What are the prime factors of v(-9)?
2, 5, 11, 67
Let d(r) = 26454*r - 1484. What are the prime factors of d(2)?
2, 1607
Suppose 0 = 2*b + 5*d - 73 - 11, 0 = 2*d - 8. Suppose -6*c - b + 2 = 0. List the prime factors of (-193)/c - (-8)/20.
3, 13
Let l(h) = -h**3 + 5*h**2 + 2*h - 6. Let k be l(4). Let a be 9/(k/4312) - (-4)/1. Suppose 17*v = 8*v + a. List the prime factors of v.
2, 3, 5
Suppose -9*i + 4*i + 10 = 0. Suppose 0 = -i*t + f - 5*f + 638, 5*f = 2*t - 593. Suppose -4*z + t = -31. List the prime factors of z.
5, 17
Let a(z) = -z**3 + 7*z**2 - 2*z - 8. Let l be a(8). Let i = 195 + l. Suppose 9*o + i = 10*o. What are the prime factors of o?
